{"id":78,"date":"2020-01-27T12:34:46","date_gmt":"2020-01-27T11:34:46","guid":{"rendered":"http:\/\/wine-law.fr\/?page_id=78"},"modified":"2021-03-24T14:23:02","modified_gmt":"2021-03-24T12:23:02","slug":"master-2-droit-du-vin-et-des-spiritueux","status":"publish","type":"page","link":"https:\/\/www.wine-law.org\/index.php\/master-2-droit-du-vin-et-des-spiritueux\/","title":{"rendered":"Master 2 Droit du vin et des spiritueux"},"content":{"rendered":"\n<p>R\u00e9unissant des universitaires et des professionnels fran\u00e7ais et \u00e9trangers, sp\u00e9cialistes des questions juridiques vitivinicoles et de l\u2019industrie des spiritueux, le MASTER 2 Droit du vin et des spiritueux entend offrir une sp\u00e9cialisation professionnelle de haut niveau tout en encourageant la recherche en droit vitivinicole et des spiritueux, mais aussi dans des domaines voisins, tels le droit agroalimentaire ou droit de la consommation.&nbsp;En ce sens, diverses activit\u00e9s p\u00e9dagogiques sont int\u00e9gr\u00e9es au parcours, notamment des visites \u00e0 des sites d\u2019int\u00e9r\u00eat vitivinicole et \u00e0 des institutions et juridictions nationales et internationales intervenant dans le domaine du vin et des spiritueux.&nbsp;Outre les aspects de droit interne, le programme d\u2019\u00e9tudes insiste sur les aspects europ\u00e9ens, internationaux et compar\u00e9s du droit du vin et des spiritueux, et en ce sens des \u00e9tudiants et professionnels soit \u00e9trangers soit souhaitant travailler \u00e0 l\u2019\u00e9tranger sont directement concern\u00e9s.<\/p>\n\n\n\n<p><strong>Objectifs :<\/strong><\/p>\n\n\n\n<p>&#8211; Offrir une formation de haut niveau ayant une vocation professionnelle tout en encourageant la recherche en droit vitivinicole\/droits des spiritueux\/droit agroalimentaire\/droit de la consommation.<\/p>\n\n\n\n<p>&#8211; Comprendre les enjeux des questions vitivinicoles et de spiritueux \u00e0 travers une approche juridique mais aussi pluridisciplinaire.<\/p>\n\n\n\n<p>&#8211; Promouvoir la richesse culturelle du terroir du vin de Champagne.<\/p>\n\n\n\n<p>&#8211; Cr\u00e9er des synergies avec les acteurs locaux dans la perspective du d\u00e9veloppement \u00e9conomique, social et touristique dans la Marne et en Champagne.<\/p>\n\n\n\n<p>&#8211; Faire conna\u00eetre les sp\u00e9cificit\u00e9s du droit vitivinicole fran\u00e7ais, de la notion de \u00ab terroir \u00bb et du syst\u00e8me juridique europ\u00e9en dans le domaine.<\/p>\n\n\n\n<p>&#8211; Faciliter les contacts et le dialogue entre les \u00e9tudiants et le monde professionnel du secteur vitivinicole.<\/p>\n\n\n\n<p>&#8211; Coordonner et soutenir les activit\u00e9s de recherche en la mati\u00e8re, avec une attention toute particuli\u00e8re au vin de Champagne et \u00e0 sa r\u00e9gion.&nbsp;<\/p>\n\n\n\n<p>&#8211; Etablir des partenariats durables avec les acteurs locaux, l\u2019UE, des organisations internationales de m\u00eame qu\u2019avec des universit\u00e9s \u00e9trang\u00e8res.<\/p>\n\n\n\n<blockquote class=\"wp-block-quote is-style-default\"><p>Le Master Droit du vin et des spiritueux m&rsquo;a permis d&rsquo;acc\u00e9der \u00e0 un panel complet de connaissance en droit vitivinicole. La formation th\u00e9orique est accompagn\u00e9e de nombreuses et enrichissantes rencontres avec des professionnels de la fili\u00e8re.<\/p><cite>France beurry<br>promotion richard hennessy (2011-2012)<br>Charg\u00e9e de projet strat\u00e9gique chez Plugwine<br><\/cite><\/blockquote>\n\n\n\n<p><strong>Programme :<\/strong><\/p>\n\n\n\n<p>Structure du programme : cours (accompagn\u00e9s d\u2019analyses de textes, d\u2019arr\u00eats\u2026), conf\u00e9rences dispens\u00e9es par des professionnels, stage de 2 mois (minimum) accompagn\u00e9 d\u2019un rapport, m\u00e9moire de recherche.<\/p>\n\n\n\n<p>Les enseignements sont regroup\u00e9s en 7 unit\u00e9s qui correspondent \u00e0 4 orientations g\u00e9n\u00e9rales relatives aux questions vitivinicoles et des spiritueux :&nbsp;<\/p>\n\n\n\n<p>&#8211; La culture g\u00e9n\u00e9rale<\/p>\n\n\n\n<p>&#8211; Le droit public<\/p>\n\n\n\n<p>&#8211; Le droit priv\u00e9, y compris le droit commercial<\/p>\n\n\n\n<p>&#8211; Le droit europ\u00e9en, international et compar\u00e9<\/p>\n\n\n\n<p>Les enseignements sont assur\u00e9s par des enseignants-chercheurs de l\u2019Universit\u00e9 de Reims Champagne-Ardenne (juristes notamment mais aussi \u00e9conomistes, g\u00e9ographes, historiens\u2026) ou d\u2019autres Universit\u00e9s fran\u00e7aises et \u00e9trang\u00e8res.<\/p>\n\n\n\n<p>Parall\u00e8lement, le cycle des conf\u00e9rences sp\u00e9cialis\u00e9es est assur\u00e9 par des professionnels ayant une exp\u00e9rience notoire dans le secteur vitivinicole et de l\u2019industrie du vin, offrant aux \u00e9tudiants un t\u00e9moignage unique issu du \u00abterrain\u00bb.<\/p>\n\n\n\n<p><strong>Validation du dipl\u00f4me :<\/strong>&nbsp;<br>Examens \u00e9crits et oraux, rapport de stage, soutenance de m\u00e9moire de recherche.<\/p>\n\n\n\n<blockquote class=\"wp-block-quote is-style-default\"><p>Un programme passionnant qui m&rsquo;est tr\u00e8s utile dans mon travail aujourd&rsquo;hui, particuli\u00e8rement en mati\u00e8re de droit rural mais aussi de droit viticole pur avec la probl\u00e9matique des droits de plantation, de la r\u00e9glementation des appellations d&rsquo;origine ou de la commercialisation du vin. Le stage et le m\u00e9moire m&rsquo;ont permis d&rsquo;avoir un aper\u00e7u concret du monde du travail dans le domaine vers lequel je me tournais.<\/p><cite>marion lacourt<br>promotion richard hennessy (2011-2012)<br>Charg\u00e9e de missions juridiques \u00e0 la f\u00e9d\u00e9ration nationale de la propri\u00e9t\u00e9 priv\u00e9e rurale (fnppr)<br><\/cite><\/blockquote>\n\n\n\n<h2>D\u00e9bouch\u00e9s possibles<\/h2>\n\n\n\n<ul><li>Avocat ou notaire sp\u00e9cialis\u00e9 en droit vitivinicole, en droit des spiritueux ou encore dans le domaine agroalimentaire.&nbsp;<\/li><li>Juriste d\u2019entreprise du secteur vitivinicole et des boissons alcooliques (production, caves coop\u00e9ratives, n\u00e9goce, emballage, transport, distribution, promotion, vente, commerce \u00e9lectronique).<\/li><li>Juriste d\u2019organismes publics (organismes d\u2019Etat, collectivit\u00e9s territoriales, chambres de commerce, douanes et r\u00e9pression des fraudes, administration fiscale) ou socioprofessionnels (syndicats, interprofessions) li\u00e9s au secteur vitivinicole et aux boissons alcoolis\u00e9es.<\/li><li>Administrateur dans des institutions publiques nationales, europ\u00e9ennes et internationales, actives dans les domaines du vin, des spiritueux et\/ou de l\u2019agroalimentaire.<\/li><li>Cadre\/Consultant dans les entreprises du secteur des boissons alcooliques et de l\u2019industrie agroalimentaire et les secteurs voisins (transports, banques, assurance, marketing, strat\u00e9gie, grande distribution, presse sp\u00e9cialis\u00e9e, etc.)<\/li><li>Entrepreneur dans le domaine vitivinicole et des spiritueux.<\/li><li>Chercheur en droit vitivinicole, en droit des spiritueux, en droit agroalimentaire ou en droit de la consommation.<\/li><\/ul>\n\n\n\n<hr class=\"wp-block-separator\"\/>\n\n\n\n<ul><li><a rel=\"noreferrer noopener\" aria-label=\"R\u00e8glement d'examen (s\u2019ouvre dans un nouvel onglet)\" href=\"http:\/\/wine-law.fr\/wp-content\/uploads\/2020\/01\/reglement-examen-m2dvs-scaled.jpg\" target=\"_blank\">R\u00e8glement d&rsquo;examen<\/a><\/li><li><a rel=\"noreferrer noopener\" aria-label=\"Programme d'\u00e9tudes (s\u2019ouvre dans un nouvel onglet)\" href=\"http:\/\/wine-law.fr\/wp-content\/uploads\/2020\/01\/organisation-fiches-cours-3.pdf\" target=\"_blank\">Programme d&rsquo;\u00e9tudes<\/a><\/li><li><a href=\"https:\/\/www.univ-reims.fr\/formation\/candidature-inscription\/candidature-et-pre-inscription\/master-2\/candidater-en-master-2,22104,36755.html\" target=\"_blank\" rel=\"noreferrer noopener\">Inscription<\/a><\/li><li><a rel=\"noreferrer noopener\" aria-label=\"Sujets de m\u00e9moire (s\u2019ouvre dans un nouvel onglet)\" href=\"http:\/\/wine-law.fr\/wp-content\/uploads\/2020\/01\/liste-de-memoires.docx\" target=\"_blank\">Sujets de m\u00e9moire<\/a><\/li><\/ul>\n\n\n\n<p><\/p>\n","protected":false},"excerpt":{"rendered":"<p>R\u00e9unissant des universitaires et des professionnels fran\u00e7ais et \u00e9trangers, sp\u00e9cialistes des questions juridiques vitivinicoles et de l\u2019industrie des spiritueux, le MASTER 2 Droit du vin et des spiritueux entend offrir une sp\u00e9cialisation professionnelle de haut niveau tout en encourageant la&#8230; <a class=\"more-link\" href=\"https:\/\/www.wine-law.org\/index.php\/master-2-droit-du-vin-et-des-spiritueux\/\">Lire la suite &rarr;<\/a><\/p>\n","protected":false},"author":5,"featured_media":0,"parent":0,"menu_order":0,"comment_status":"closed","ping_status":"closed","template":"","meta":{"sfsi_plus_gutenberg_text_before_share":"","sfsi_plus_gutenberg_show_text_before_share":"","sfsi_plus_gutenberg_icon_type":"","sfsi_plus_gutenberg_icon_alignemt":"","sfsi_plus_gutenburg_max_per_row":"","spay_email":""},"jetpack_sharing_enabled":true,"_links":{"self":[{"href":"https:\/\/www.wine-law.org\/index.php\/wp-json\/wp\/v2\/pages\/78"}],"collection":[{"href":"https:\/\/www.wine-law.org\/index.php\/wp-json\/wp\/v2\/pages"}],"about":[{"href":"https:\/\/www.wine-law.org\/index.php\/wp-json\/wp\/v2\/types\/page"}],"author":[{"embeddable":true,"href":"https:\/\/www.wine-law.org\/index.php\/wp-json\/wp\/v2\/users\/5"}],"replies":[{"embeddable":true,"href":"https:\/\/www.wine-law.org\/index.php\/wp-json\/wp\/v2\/comments?post=78"}],"version-history":[{"count":4,"href":"https:\/\/www.wine-law.org\/index.php\/wp-json\/wp\/v2\/pages\/78\/revisions"}],"predecessor-version":[{"id":2727,"href":"https:\/\/www.wine-law.org\/index.php\/wp-json\/wp\/v2\/pages\/78\/revisions\/2727"}],"wp:attachment":[{"href":"https:\/\/www.wine-law.org\/index.php\/wp-json\/wp\/v2\/media?parent=78"}],"curies":[{"name":"wp","href":"https:\/\/api.w.org\/{rel}","templated":true}]}}