{"id":140,"date":"2020-01-27T15:43:00","date_gmt":"2020-01-27T14:43:00","guid":{"rendered":"http:\/\/wine-law.fr\/?page_id=140"},"modified":"2020-03-15T18:24:47","modified_gmt":"2020-03-15T17:24:47","slug":"recherche","status":"publish","type":"page","link":"https:\/\/www.wine-law.org\/index.php\/recherche\/","title":{"rendered":"Recherche"},"content":{"rendered":"\n<h4><strong>Les Rencontres du Programme Vin &amp; Droit<\/strong><\/h4>\n\n\n\n<p><em>Manifestations scientifiques \u00e0 vocation internationale organis\u00e9e \u00e0 Reims.<\/em><\/p>\n\n\n\n<p>29\/05\/2009<br>Les sp\u00e9cificit\u00e9s juridiques de la Champagne viticole (sous l\u2019initiative du Pole SHS de l\u2019Universit\u00e9 de Reims)<\/p>\n\n\n\n<p>23\/11\/2010<br>Les AOC \u00e0 l\u2019\u00e9preuve de l\u2019OCM vitivinicole<\/p>\n\n\n\n<p>23\/11\/2011&nbsp;<br>L\u2019OIV &#8211; Bilan et perspectives de l\u2019institutionnalisation internationale du domaine vitivinicole&nbsp;<\/p>\n\n\n\n<p>15\/01\/2015<br>L&rsquo;enjeu sanitaire dans la r\u00e9gulation de la Vigne et du vin. <a rel=\"noreferrer noopener\" aria-label=\"En savoir plus (s\u2019ouvre dans un nouvel onglet)\" href=\"http:\/\/wine-law.fr\/wp-content\/uploads\/2020\/01\/enjeu-sanitaire.pdf\" target=\"_blank\">En savoir plus.<\/a><\/p>\n\n\n\n<p>19\/10\/2017<br>Actualit\u00e9 en mati\u00e8re de marques viticoles et appellations d&rsquo;origine : Quo vadimus ? <a href=\"http:\/\/wine-law.fr\/wp-content\/uploads\/2020\/01\/programme-table_ronde__bp-2.pdf\" target=\"_blank\" rel=\"noreferrer noopener\" aria-label=\"En savoir plus. (s\u2019ouvre dans un nouvel onglet)\">En savoir plus.<\/a><\/p>\n\n\n\n<p>01\/10\/2019<br>Rencontres internationales de droit vitivinicole &#8211; Les contr\u00f4les administratifs dans le secteur vitivinicole : regards franco-italiens.<\/p>\n\n\n\n<hr class=\"wp-block-separator\"\/>\n\n\n\n<h4><strong>Programmes de recherche<\/strong><\/h4>\n\n\n\n<p>Fonction identitaire et protection juridique du \u00ab terroir \u00bb : \u00e9tude des rapports entre les sciences du vin et le droit vitivinicole (2011-2014)\u00a0<a rel=\"noreferrer noopener\" href=\"https:\/\/www.wine-law.org\/wp-content\/uploads\/2020\/01\/publications-scaled.jpg\" target=\"_blank\">En savoir plus.<\/a><\/p>\n\n\n\n<p>L\u2019enjeu sanitaire dans la r\u00e9glementation vitivinicole : aspects internationaux, europ\u00e9ens, fran\u00e7ais et champenois (2011-2014)\u00a0<a rel=\"noreferrer noopener\" href=\"https:\/\/www.wine-law.org\/wp-content\/uploads\/2020\/01\/publications2-scaled.jpg\" target=\"_blank\">En savoir plus.<\/a><\/p>\n\n\n\n<p>\u00ab\u00a0Le statut juridique de l&rsquo;AOC : Etude sur les possibilit\u00e9s de r\u00e9appropriation des AOC\u00a0\u00bb (2014-2017)\u00a0<a rel=\"noreferrer noopener\" href=\"https:\/\/www.wine-law.org\/wp-content\/uploads\/2020\/01\/publications3-scaled.jpg\" target=\"_blank\">En savoir plus.<\/a><\/p>\n","protected":false},"excerpt":{"rendered":"<p>Les Rencontres du Programme Vin &amp; Droit Manifestations scientifiques \u00e0 vocation internationale organis\u00e9e \u00e0 Reims. 29\/05\/2009Les sp\u00e9cificit\u00e9s juridiques de la Champagne viticole (sous l\u2019initiative du Pole SHS de l\u2019Universit\u00e9 de Reims) 23\/11\/2010Les AOC \u00e0 l\u2019\u00e9preuve de l\u2019OCM vitivinicole 23\/11\/2011&nbsp;L\u2019OIV &#8211;&#8230; <a class=\"more-link\" href=\"https:\/\/www.wine-law.org\/index.php\/recherche\/\">Lire la suite &rarr;<\/a><\/p>\n","protected":false},"author":5,"featured_media":0,"parent":0,"menu_order":0,"comment_status":"closed","ping_status":"closed","template":"","meta":{"sfsi_plus_gutenberg_text_before_share":"","sfsi_plus_gutenberg_show_text_before_share":"","sfsi_plus_gutenberg_icon_type":"","sfsi_plus_gutenberg_icon_alignemt":"","sfsi_plus_gutenburg_max_per_row":"","spay_email":""},"jetpack_sharing_enabled":true,"_links":{"self":[{"href":"https:\/\/www.wine-law.org\/index.php\/wp-json\/wp\/v2\/pages\/140"}],"collection":[{"href":"https:\/\/www.wine-law.org\/index.php\/wp-json\/wp\/v2\/pages"}],"about":[{"href":"https:\/\/www.wine-law.org\/index.php\/wp-json\/wp\/v2\/types\/page"}],"author":[{"embeddable":true,"href":"https:\/\/www.wine-law.org\/index.php\/wp-json\/wp\/v2\/users\/5"}],"replies":[{"embeddable":true,"href":"https:\/\/www.wine-law.org\/index.php\/wp-json\/wp\/v2\/comments?post=140"}],"version-history":[{"count":4,"href":"https:\/\/www.wine-law.org\/index.php\/wp-json\/wp\/v2\/pages\/140\/revisions"}],"predecessor-version":[{"id":1318,"href":"https:\/\/www.wine-law.org\/index.php\/wp-json\/wp\/v2\/pages\/140\/revisions\/1318"}],"wp:attachment":[{"href":"https:\/\/www.wine-law.org\/index.php\/wp-json\/wp\/v2\/media?parent=140"}],"curies":[{"name":"wp","href":"https:\/\/api.w.org\/{rel}","templated":true}]}}